{"id":112,"date":"2025-12-12T13:51:08","date_gmt":"2025-12-12T12:51:08","guid":{"rendered":"https:\/\/bowenpiotrkow.pl\/?page_id=112"},"modified":"2026-03-23T16:00:49","modified_gmt":"2026-03-23T15:00:49","slug":"cennik","status":"publish","type":"page","link":"https:\/\/bowenpiotrkow.pl\/?page_id=112","title":{"rendered":"Cennik"},"content":{"rendered":"\n<h1 class=\"wp-block-heading has-text-align-center\">Cennik us\u0142ug<\/h1>\n\n\n\n<h6 class=\"wp-block-heading has-text-align-center\">Sprawd\u017a ceny naszych zabieg\u00f3w i znajd\u017a najlepsz\u0105 opcj\u0119 dla siebie.<\/h6>\n\n\n\n<div class=\"wp-block-columns is-layout-flex wp-container-core-columns-is-layout-9d6595d7 wp-block-columns-is-layout-flex\">\n<div class=\"wp-block-column is-layout-flow wp-block-column-is-layout-flow\">\n<p class=\"has-text-align-center\"><strong>Terapia Bowena \u2013 pojedynczy zabieg<\/strong><\/p>\n\n\n\n<ul class=\"wp-block-list\">\n<li><strong>Czas:<\/strong> 30-45 min.<\/li>\n\n\n\n<li><strong>Cena:<\/strong> 120 z\u0142<\/li>\n\n\n\n<li><strong>Opis:<\/strong> Delikatna technika manualna z kr\u00f3tkimi przerwami, wspieraj\u0105ca rozlu\u017anienie napi\u0119\u0107 mi\u0119\u015bniowych, popraw\u0119 ruchomo\u015bci i ulg\u0119 w b\u00f3lu. <a href=\"https:\/\/bowenpiotrkow.pl\/?page_id=28\" data-type=\"page\" data-id=\"28\"><em>Wi\u0119cej o terapii&#8230;<\/em><\/a><\/li>\n<\/ul>\n<\/div>\n\n\n\n<div class=\"wp-block-column is-layout-flow wp-block-column-is-layout-flow\">\n<p><strong>Terapia Bowena \u2013 zabieg dla dw\u00f3ch os\u00f3b jednocze\u015bnie<\/strong><\/p>\n\n\n\n<ul class=\"wp-block-list\">\n<li><strong>Czas:<\/strong> 45\u201360 min<\/li>\n\n\n\n<li><strong>Cena:<\/strong> 200 z\u0142<\/li>\n\n\n\n<li><strong>Opis:<\/strong> Terapia Bowena dla dw\u00f3ch os\u00f3b w tym samym czasie.<\/li>\n<\/ul>\n<\/div>\n<\/div>\n\n\n\n<div class=\"wp-block-columns is-layout-flex wp-container-core-columns-is-layout-9d6595d7 wp-block-columns-is-layout-flex\">\n<div class=\"wp-block-column is-layout-flow wp-block-column-is-layout-flow\">\n<p><strong>Terapia Bowena \u2013 seria 5 zabieg\u00f3w<\/strong><\/p>\n\n\n\n<ul class=\"wp-block-list\">\n<li><strong>Czas:<\/strong> 5 x 30\u201345 min<\/li>\n\n\n\n<li><strong>Cena:<\/strong> 500 z\u0142<\/li>\n\n\n\n<li><strong>Opis:<\/strong> Pakiet 5 sesji w korzystnej cenie, kt\u00f3ry zwi\u0119ksza skuteczno\u015b\u0107 terapii, przynosi d\u0142ugotrwa\u0142\u0105 ulg\u0119 w b\u00f3lu i poprawia elastyczno\u015b\u0107 cia\u0142a. <a href=\"https:\/\/bowenpiotrkow.pl\/?page_id=28\" data-type=\"page\" data-id=\"28\"><em>Wi\u0119cej o terapii&#8230;<\/em><\/a><\/li>\n<\/ul>\n<\/div>\n\n\n\n<div class=\"wp-block-column is-layout-flow wp-block-column-is-layout-flow\">\n<p><strong>Masa\u017c Bella Mimica<\/strong><\/p>\n\n\n\n<ul class=\"wp-block-list\">\n<li><strong>Czas:<\/strong> 75 min<\/li>\n\n\n\n<li><strong>Cena:<\/strong> 170 z\u0142<\/li>\n\n\n\n<li><strong>Opis:<\/strong> Masa\u017c relaksacyjny twarzy, g\u0142owy i karku redukuj\u0105cy napi\u0119cie mi\u0119\u015bni, przynosz\u0105cy g\u0142\u0119bokie odpr\u0119\u017cenie, poprawiaj\u0105cy komfort ruchu i samopoczucie. <a href=\"https:\/\/bowenpiotrkow.pl\/?page_id=30\" data-type=\"page\" data-id=\"30\"><em>Wi\u0119cej o masa\u017cu Bella Mimica&#8230;<\/em><\/a><br><\/li>\n<\/ul>\n<\/div>\n<\/div>\n\n\n\n<p><\/p>\n","protected":false},"excerpt":{"rendered":"<p>Cennik us\u0142ug Sprawd\u017a ceny naszych zabieg\u00f3w i znajd\u017a najlepsz\u0105 opcj\u0119 dla siebie. Terapia Bowena \u2013 pojedynczy zabieg Terapia Bowena \u2013 zabieg dla dw\u00f3ch os\u00f3b jednocze\u015bnie Terapia Bowena \u2013 seria 5 zabieg\u00f3w Masa\u017c Bella Mimica<\/p>\n","protected":false},"author":1,"featured_media":0,"parent":0,"menu_order":0,"comment_status":"closed","ping_status":"closed","template":"","meta":{"_kad_post_transparent":"","_kad_post_title":"","_kad_post_layout":"","_kad_post_sidebar_id":"","_kad_post_content_style":"","_kad_post_vertical_padding":"","_kad_post_feature":"","_kad_post_feature_position":"","_kad_post_header":false,"_kad_post_footer":false,"_kad_post_classname":"","footnotes":""},"class_list":["post-112","page","type-page","status-publish","hentry"],"_links":{"self":[{"href":"https:\/\/bowenpiotrkow.pl\/index.php?rest_route=\/wp\/v2\/pages\/112","targetHints":{"allow":["GET"]}}],"collection":[{"href":"https:\/\/bowenpiotrkow.pl\/index.php?rest_route=\/wp\/v2\/pages"}],"about":[{"href":"https:\/\/bowenpiotrkow.pl\/index.php?rest_route=\/wp\/v2\/types\/page"}],"author":[{"embeddable":true,"href":"https:\/\/bowenpiotrkow.pl\/index.php?rest_route=\/wp\/v2\/users\/1"}],"replies":[{"embeddable":true,"href":"https:\/\/bowenpiotrkow.pl\/index.php?rest_route=%2Fwp%2Fv2%2Fcomments&post=112"}],"version-history":[{"count":5,"href":"https:\/\/bowenpiotrkow.pl\/index.php?rest_route=\/wp\/v2\/pages\/112\/revisions"}],"predecessor-version":[{"id":150,"href":"https:\/\/bowenpiotrkow.pl\/index.php?rest_route=\/wp\/v2\/pages\/112\/revisions\/150"}],"wp:attachment":[{"href":"https:\/\/bowenpiotrkow.pl\/index.php?rest_route=%2Fwp%2Fv2%2Fmedia&parent=112"}],"curies":[{"name":"wp","href":"https:\/\/api.w.org\/{rel}","templated":true}]}}